ainder when a is divided by 14?
13
Let c(u) = -u**3 - 3*u**2 - u + 2. Let n(w) = 10*w + 31. What is the remainder when n(-2) is divided by c(-3)?
1
Suppose 6*z - 619 = -85. What is the remainder when 439 is divided by z?
83
Let v(a) = 10*a**3 - 3*a**2 + 3*a - 4. Let r be v(2). Suppose -r = -5*t + 10*t. Let l = t - -31. What is the remainder when 67 is divided by l?
16
Let d(z) = 1 + z**2 - 3 - z - 4. Suppose -b + 25 = -2*v, 3*b + 8*v - 3*v - 42 = 0. What is the remainder when d(-6) is divided by b?
17
Let z(f) = 39*f**2 - 2*f - 2. Let r(s) = -s**2 - s - 1. Let g(c) = -r(c) + z(c). Calculate the remainder when g(-1) is divided by 11.
7
Let s(v) = 29*v - 1. Let b = -16 + 17. Let u = -34 + 49. What is the remainder when s(b) is divided by u?
13
Calculate the remainder when (66/1 - -13) + -9 is divided by 59.
11
Suppose 22*u - 1075 = -239. Calculate the remainder when u is divided by 23.
15
Let o be 40/4*32/20. Let k = o + -7. Let d = 18 - k. Calculate the remainder when 17 is divided by d.
8
Suppose -2*n + 56 = 2*n. Let b(f) = -13*f - 12. Let z be b(5). Let x = z - -118. Calculate the remainder when x is divided by n.
13
Let n(w) = 41*w**2 + 1. Suppose -2*d + 378 = d + 2*m, -481 = -4*d + 5*m. Calculate the remainder when d is divided by n(-1).
40
Suppose -c - 81 = -4*c. Calculate the remainder when 50 is divided by c.
23
Suppose 2*p - 2*d + 249 = 7*p, 5*p = 3*d + 239. What is the remainder when 140 is divided by p?
42
Suppose 2*a - 5 = 7. Suppose a*v + 8 = 10*v. Calculate the remainder when 22 is divided by 4 - (v - 1) - -9.
10
Let h = 9 - 2. Suppose 0 = -11*d + 7*d + 192. Calculate the remainder when d is divided by h.
6
Let b(l) = 2*l + 15*l**2 + 15 - 15*l**2 + l**3. Calculate the remainder when 58 is divided by b(0).
13
Let h(d) = d**3 - 6*d**2 - 10*d - 14. Let y be (-3 - -5) + (2 - 2). Suppose -y*n + 22 = 8. Calculate the remainder when h(8) is divided by n.
6
Let w(v) = -33*v - 22. Let p(x) = -17*x - 11. Let g(y) = 5*p(y) - 2*w(y). What is the remainder when g(-5) is divided by 17?
16
Let j(n) = 5*n**2 - 1. Suppose 0 = -z + 13 + 1. Suppose 14 = u - 4*p, -u + 0*p - 4*p = -z. Calculate the remainder when u is divided by j(1).
2
Let l(u) = 2*u + 49. Calculate the remainder when l(-12) is divided by 17.
8
Let n be 4 + 2*(-695)/(-10). Let t = -95 + n. Calculate the remainder when t is divided by 13.
9
Let m(d) = 213*d**2 + 9*d + 8. Calculate the remainder when m(-1) is divided by 46.
28
Let r(z) = 4*z + 23. What is the remainder when 78 is divided by r(2)?
16
Let i = 18 + -12. Let d be (-21)/(-14)*8/i. Suppose -4*x = -d*w - 17 - 13, -x = 5*w + 20. What is the remainder when x is divided by 3?
2
Suppose 0 = 2*t - 4*h - 6, -4*t - 2*h + 0*h = -62. What is the remainder when 400 is divided by t?
10
Let h = 94 + -4. What is the remainder when h is divided by 61?
29
Let y = -8 - -50. Let v = y + -24. Suppose -3*n + 3*j - 35 = -146, -4*n + 130 = 5*j. What is the remainder when n is divided by v?
17
Let a(c) = -c**2 + 11*c + 43. Calculate the remainder when 390 is divided by a(13).
16
Let z(y) = 3*y**2 + 8*y - 1. Let f = 9 - 15. What is the remainder when z(f) is divided by 20?
19
Let s(l) = -3*l**2 + l + 76. Calculate the remainder when s(0) is divided by 45.
31
Let d(c) = c + 0 - c**3 + 2*c + 5 + 3 + 7*c**2. Let n be d(7). Let w = n - -5. What is the remainder when w is divided by 18?
16
Suppose -2*b - 32 = -4*b - 4*f, -4*f - 56 = -2*b. Suppose 2*k = -3*d + 82 + b, 3*k = -5*d + 155. Calculate the remainder when k is divided by 7.
6
Let p be -1*1 - (44 - 1). Let o(d) = d**3 - 11*d**2 + 15*d - 11. What is the remainder when o(10) is divided by p/(-154) - -24*8/14?
11
Suppose 0 = -6*d - 1597 + 1837. Calculate the remainder when 106 is divided by d.
26
Let a = -33 + 9. Calculate the remainder when 43 is divided by (-270)/a + (-2)/8.
10
Suppose 2*o = -2*b - 20, 5*b + 4*o + 51 = -0*o. Let i = b + 21. Calculate the remainder when i is divided by 28/5 + (-6)/(-15).
4
Let q(y) = -2*y. Let c be q(-2). Suppose -3*k = 5*x - 20, 2*x - 2*k + c = 3*x. Let l = 2129 - 2124. Calculate the remainder when l is divided by x.
1
Let j(y) = 3*y**2 + 38*y - 216. Calculate the remainder when j(5) is divided by 8.
1
Let u = 331 + -273. Let d(z) = 3*z + 3. Calculate the remainder when u is divided by d(4).
13
Suppose -40 = a + 55. Let h = -66 - a. Calculate the remainder when h is divided by 144/14 + 4/(-14).
9
Let t = -22 + 46. Let d = -544 + 638. What is the remainder when d is divided by t?
22
Let t(q) = 2*q - 9. Let j be t(8). Let b(d) = -d**2 + 8*d - 5. Let x be b(j). Suppose -10 + 0 = -x*u. Calculate the remainder when 14 is divided by u.
4
Suppose 0 = 6*g - 523 + 133. Calculate the remainder when 122 is divided by g.
57
Let r(d) = -d**3 - d**2 - 12*d - 7. What is the remainder when r(-7) is divided by 31?
30
Let z(v) = 18*v**3 - v**2 - v + 1. Let n(t) = 34 + 31 + t**2 + 21*t - 4 + 8. Calculate the remainder when n(-20) is divided by z(1).
15
Let m(s) = -s**3 + 17*s**2 + 4*s + 7. Let i be m(17). Suppose 29*q - 26*q - i = 0. Calculate the remainder when q is divided by 10.
5
Suppose -23*k + 483 = -2*k. Calculate the remainder when 272 is divided by k.
19
Suppose -6*t = -t - 20. Suppose 16 = -4*v, -t*o + 2*v = -0*o - 36. Calculate the remainder when 20 is divided by o.
6
Let p(q) = 103*q - 177. What is the remainder when p(5) is divided by 10?
8
Suppose 239 = -3*x - 175. Let y = -76 - -84. Calculate the remainder when (x/(-4))/(4/y) is divided by 18.
15
Let c(x) = x**3 + x. Let l(m) = -4*m**3 - 5*m**2 - 4*m + 17. Let b(d) = 3*c(d) + l(d). Calculate the remainder when b(-6) is divided by 12.
11
Suppose 3*t - 6 + 4 = -2*c, 5*t + 5*c = 5. Suppose -4*v - 2*m + 28 = 0, -4*v - 6*m + 7*m + 16 = t. Calculate the remainder when 31 is divided by v.
1
Let p be 572/12 - 5/((-15)/(-2)). Let w = 64 - p. Suppose -3*k = -2*i + 10, 0*k = 4*i + k - 20. Calculate the remainder when w is divided by i.
2
Suppose -2*a = -3*a - 2*p + 3, -5*a + 3*p = -28. Suppose -5*z - a = -0*z. Let b(x) = -9*x + 1. Calculate the remainder when 17 is divided by b(z).
7
Let q = -41 + 60. What is the remainder when 27 is divided by q?
8
Suppose 71 = -2*a - o, -2*o = -4 + 6. Let x(l) = -24*l**2 + l. Let y be x(1). Let c = y - a. What is the remainder when 34 is divided by c?
10
Suppose 31*s - 28*s + 2*k = 905, -4*s - 5*k = -1195. Calculate the remainder when s is divided by 4.
1
Let z(h) = -h**3 - 3*h**2 + 3*h + 3. Let o be z(-4). Let y(r) = -6*r + 5. Let x be y(o). Let m = -19 - x. Calculate the remainder when 35 is divided by m.
17
Suppose -v + 3*x + 28 = 0, -2*v - 3*v = -3*x - 128. Let u be ((-12)/(-10))/((-5)/v). What is the remainder when 35 is divided by (u/(-10))/((-1)/(-15))?
8
Let a(g) = -12*g + 3*g - 6 - 4. Let i be a(-7). Suppose 3*h = 46 + i. Calculate the remainder when h is divided by 18.
15
Let j(p) = -p**2 - p. Let w be j(-4). Suppose 0 = -2*l - 5*s - 8 - 2, 0 = 4*l - 4*s + 20. Let x = l - w. Calculate the remainder when 13 is divided by x.
6
Suppose -5*p = -0*p - 855. Suppose -p - 124 = -5*k. What is the remainder when k is divided by 15?
14
Let d = 783 + -482. Calculate the remainder when d is divided by 97.
10
Suppose 40*n + 13055 = 75*n. Calculate the remainder when n is divided by 95.
88
Suppose 0 = 40*r + 15890 - 61850. What is the remainder when r is divided by 64?
61
Let q(h) = -47*h - 8. What is the remainder when 194 is divided by q(-1)?
38
Suppose -4*l = 4*y + l - 308, 0 = 2*l. Let u = -35 + 62. Suppose 3*s - c - y = 0, 2*c = s - u + 8. Calculate the remainder when s is divided by 10.
7
Let o = -37 - -68. Let b = 128 + -38. Calculate the remainder when b is divided by o.
28
Let j = -95 - -85. Let v = 16 - j. What is the remainder when v is divided by 13?
0
Suppose 4*v + a - 242 = 0, -110 = -v - v + 5*a. What is the remainder when v is divided by 48?
12
Suppose 5*d - 10 = 2*k - 45, k + 3*d - 45 = 0. Calculate the remainder when 35 is divided by k.
5
Let v(g) = -4*g**2 - 72*g + 14. What is the remainder when 347 is divided by v(-18)?
11
Suppose 0*n + 3*n - 69 = 0. Let d = 7268 + -7256. Calculate the remainder when n is divided by d.
11
Suppose 3*s - 24 = s. Let x = -59 - -93. Calculate the remainder when x is divided by s.
10
Suppose 0 = -5*n + 2*m + 402, 3*n - 2*n + 5*m = 75. Calculate t